{"id":1053,"date":"2026-02-08T23:08:04","date_gmt":"2026-02-08T22:08:04","guid":{"rendered":"https:\/\/vitria.com.uy\/web\/?post_type=product&#038;p=1053"},"modified":"2026-02-08T23:08:04","modified_gmt":"2026-02-08T22:08:04","slug":"sudadera-con-capucha-y-cremallera","status":"publish","type":"product","link":"https:\/\/vitria.com.uy\/web\/producto\/sudadera-con-capucha-y-cremallera\/","title":{"rendered":"SUDADERA CON CAPUCHA Y CREMALLERA"},"content":{"rendered":"<p>SUDADERA CON CAPUCHA Y CREMALLERA COMPLETA DE PESO MEDIO FR ARC RATING desde: 19 cal\/cm\u00b2 23 cal\/cm\u00b2 25 cal\/cm\u00b2 39 cal\/cm\u00b2 CAT LEVEL: CAT 2<br \/>\nMATERIALS: 10 OZ. FR FLEECE<\/p>\n<p>Sudadera con capucha de forro polar resistente a las llamas, de peso medio, con tejido ign\u00edfugo duradero para una protecci\u00f3n duradera y libertad de movimiento. La capucha grande con cord\u00f3n se ajusta a la cabeza, mientras que los pu\u00f1os y la cintura de punto acanalado se mantienen en su lugar<\/p>\n","protected":false},"excerpt":{"rendered":"<p>SUDADERA CON CAPUCHA Y CREMALLERA COMPLETA DE PESO MEDIO FR ARC RATING desde: 19 cal\/cm\u00b2 23 cal\/cm\u00b2 25 cal\/cm\u00b2 39 cal\/cm\u00b2 CAT LEVEL: CAT 2 MATERIALS: 10 OZ. FR FLEECE Sudadera con capucha de forro polar resistente a las llamas, de peso medio, con tejido ign\u00edfugo duradero para una protecci\u00f3n duradera y libertad de movimiento. [&hellip;]<\/p>\n","protected":false},"featured_media":1054,"template":"","meta":[],"product_brand":[165],"product_cat":[97,87,83,96],"product_tag":[],"class_list":{"0":"post-1053","1":"product","2":"type-product","3":"status-publish","4":"has-post-thumbnail","6":"product_brand-drifire","7":"product_cat-arco-electrico","8":"product_cat-camperas","9":"product_cat-ropa-de-trabajo","10":"product_cat-ropa-tecnica","12":"first","13":"instock","14":"shipping-taxable","15":"product-type-simple"},"aioseo_notices":[],"jetpack_sharing_enabled":true,"_links":{"self":[{"href":"https:\/\/vitria.com.uy\/web\/wp-json\/wp\/v2\/product\/1053","targetHints":{"allow":["GET"]}}],"collection":[{"href":"https:\/\/vitria.com.uy\/web\/wp-json\/wp\/v2\/product"}],"about":[{"href":"https:\/\/vitria.com.uy\/web\/wp-json\/wp\/v2\/types\/product"}],"version-history":[{"count":1,"href":"https:\/\/vitria.com.uy\/web\/wp-json\/wp\/v2\/product\/1053\/revisions"}],"predecessor-version":[{"id":1055,"href":"https:\/\/vitria.com.uy\/web\/wp-json\/wp\/v2\/product\/1053\/revisions\/1055"}],"wp:featuredmedia":[{"embeddable":true,"href":"https:\/\/vitria.com.uy\/web\/wp-json\/wp\/v2\/media\/1054"}],"wp:attachment":[{"href":"https:\/\/vitria.com.uy\/web\/wp-json\/wp\/v2\/media?parent=1053"}],"wp:term":[{"taxonomy":"product_brand","embeddable":true,"href":"https:\/\/vitria.com.uy\/web\/wp-json\/wp\/v2\/product_brand?post=1053"},{"taxonomy":"product_cat","embeddable":true,"href":"https:\/\/vitria.com.uy\/web\/wp-json\/wp\/v2\/product_cat?post=1053"},{"taxonomy":"product_tag","embeddable":true,"href":"https:\/\/vitria.com.uy\/web\/wp-json\/wp\/v2\/product_tag?post=1053"}],"curies":[{"name":"wp","href":"https:\/\/api.w.org\/{rel}","templated":true}]}}