{"id":368,"date":"2025-11-30T01:39:01","date_gmt":"2025-11-30T00:39:01","guid":{"rendered":"https:\/\/vitria.com.uy\/web\/?post_type=product&#038;p=368"},"modified":"2025-11-30T02:57:37","modified_gmt":"2025-11-30T01:57:37","slug":"casco-seguridad-azul-arnes-regulable-mod-tirreno","status":"publish","type":"product","link":"https:\/\/vitria.com.uy\/web\/producto\/casco-seguridad-azul-arnes-regulable-mod-tirreno\/","title":{"rendered":"Casco Seguridad Azul-Arn\u00e9s regulable, Mod.Tirreno"},"content":{"rendered":"<p>Ideal para trabajar a jornada completa en lugares\u00a0susceptibles de ca\u00eddas de objetos y de descargas<br \/>\nel\u00e9ctricas hasta una tensi\u00f3n de\u00a01000 V de CA o 1500 V de CC, ofreciendo\u00a0una perfecta y duradera protecci\u00f3n.<\/p>\n<ul>\n<li>Normativa: EN 397:2012+A1:2012, EN 50365:2002<\/li>\n<li>Material: ABS<\/li>\n<li>Arn\u00e9s de cabeza: Ajuste autom\u00e1tico<\/li>\n<li>Protecci\u00f3n el\u00e9ctrica:\u00a0 Aislamiento el\u00e9ctrico hasta 1000 V de CA o 1500 V de CC<\/li>\n<li>Puntos de anclaje: 4 (est\u00e1ndar)<\/li>\n<li>6 colores (bajo demanda)<\/li>\n<li>Peso: 338 gr<\/li>\n<li>Ranura universal de 30mm<\/li>\n<li>Incorpora banda antisudor<\/li>\n<li>Disponible con adhesivo reflectante<\/li>\n<\/ul>\n","protected":false},"excerpt":{"rendered":"<p>Ideal para trabajar a jornada completa en lugares\u00a0susceptibles de ca\u00eddas de objetos y de descargas el\u00e9ctricas hasta una tensi\u00f3n de\u00a01000 V de CA o 1500 V de CC, ofreciendo\u00a0una perfecta y duradera protecci\u00f3n. Normativa: EN 397:2012+A1:2012, EN 50365:2002 Material: ABS Arn\u00e9s de cabeza: Ajuste autom\u00e1tico Protecci\u00f3n el\u00e9ctrica:\u00a0 Aislamiento el\u00e9ctrico hasta 1000 V de CA o [&hellip;]<\/p>\n","protected":false},"featured_media":370,"template":"","meta":[],"product_brand":[148],"product_cat":[37,36,144],"product_tag":[],"class_list":{"0":"post-368","1":"product","2":"type-product","3":"status-publish","4":"has-post-thumbnail","6":"product_brand-climax","7":"product_cat-cascos","8":"product_cat-proteccion-craneana","9":"product_cat-protecciones","11":"first","12":"instock","13":"shipping-taxable","14":"product-type-simple"},"aioseo_notices":[],"jetpack_sharing_enabled":true,"_links":{"self":[{"href":"https:\/\/vitria.com.uy\/web\/wp-json\/wp\/v2\/product\/368","targetHints":{"allow":["GET"]}}],"collection":[{"href":"https:\/\/vitria.com.uy\/web\/wp-json\/wp\/v2\/product"}],"about":[{"href":"https:\/\/vitria.com.uy\/web\/wp-json\/wp\/v2\/types\/product"}],"version-history":[{"count":0,"href":"https:\/\/vitria.com.uy\/web\/wp-json\/wp\/v2\/product\/368\/revisions"}],"wp:featuredmedia":[{"embeddable":true,"href":"https:\/\/vitria.com.uy\/web\/wp-json\/wp\/v2\/media\/370"}],"wp:attachment":[{"href":"https:\/\/vitria.com.uy\/web\/wp-json\/wp\/v2\/media?parent=368"}],"wp:term":[{"taxonomy":"product_brand","embeddable":true,"href":"https:\/\/vitria.com.uy\/web\/wp-json\/wp\/v2\/product_brand?post=368"},{"taxonomy":"product_cat","embeddable":true,"href":"https:\/\/vitria.com.uy\/web\/wp-json\/wp\/v2\/product_cat?post=368"},{"taxonomy":"product_tag","embeddable":true,"href":"https:\/\/vitria.com.uy\/web\/wp-json\/wp\/v2\/product_tag?post=368"}],"curies":[{"name":"wp","href":"https:\/\/api.w.org\/{rel}","templated":true}]}}