{"id":402,"date":"2025-11-30T17:27:54","date_gmt":"2025-11-30T16:27:54","guid":{"rendered":"https:\/\/vitria.com.uy\/web\/?post_type=product&#038;p=402"},"modified":"2025-11-30T18:40:12","modified_gmt":"2025-11-30T17:40:12","slug":"repuesto-barbijo-para-casco","status":"publish","type":"product","link":"https:\/\/vitria.com.uy\/web\/producto\/repuesto-barbijo-para-casco\/","title":{"rendered":"Repuesto Barbijo para Casco"},"content":{"rendered":"<p>Accesorio apto para cascos de seguridad dando\u00a0sujeci\u00f3n total sin preocupaci\u00f3n a que el casco caiga.<br \/>\nBarboquejo sin mentonera fabricada en polietileno\u00a0con enganches de pl\u00e1stico sujetos en cada extremo<br \/>\nde la goma el\u00e1stica fabricada en poli\u00e9ster y con una\u00a0anchura de 14mm.<\/p>\n<p>Accesorio de los cascos<\/p>\n<ul>\n<li>5-RS<\/li>\n<li>5-RG<\/li>\n<li>Tirreno TX<\/li>\n<li>Tirreno TXR<\/li>\n<\/ul>\n","protected":false},"excerpt":{"rendered":"<p>Accesorio apto para cascos de seguridad dando\u00a0sujeci\u00f3n total sin preocupaci\u00f3n a que el casco caiga. Barboquejo sin mentonera fabricada en polietileno\u00a0con enganches de pl\u00e1stico sujetos en cada extremo de la goma el\u00e1stica fabricada en poli\u00e9ster y con una\u00a0anchura de 14mm. Accesorio de los cascos 5-RS 5-RG Tirreno TX Tirreno TXR<\/p>\n","protected":false},"featured_media":404,"template":"","meta":[],"product_brand":[148],"product_cat":[38,36],"product_tag":[],"class_list":{"0":"post-402","1":"product","2":"type-product","3":"status-publish","4":"has-post-thumbnail","6":"product_brand-climax","7":"product_cat-accesorios","8":"product_cat-proteccion-craneana","10":"first","11":"instock","12":"shipping-taxable","13":"product-type-simple"},"aioseo_notices":[],"jetpack_sharing_enabled":true,"_links":{"self":[{"href":"https:\/\/vitria.com.uy\/web\/wp-json\/wp\/v2\/product\/402","targetHints":{"allow":["GET"]}}],"collection":[{"href":"https:\/\/vitria.com.uy\/web\/wp-json\/wp\/v2\/product"}],"about":[{"href":"https:\/\/vitria.com.uy\/web\/wp-json\/wp\/v2\/types\/product"}],"version-history":[{"count":0,"href":"https:\/\/vitria.com.uy\/web\/wp-json\/wp\/v2\/product\/402\/revisions"}],"wp:featuredmedia":[{"embeddable":true,"href":"https:\/\/vitria.com.uy\/web\/wp-json\/wp\/v2\/media\/404"}],"wp:attachment":[{"href":"https:\/\/vitria.com.uy\/web\/wp-json\/wp\/v2\/media?parent=402"}],"wp:term":[{"taxonomy":"product_brand","embeddable":true,"href":"https:\/\/vitria.com.uy\/web\/wp-json\/wp\/v2\/product_brand?post=402"},{"taxonomy":"product_cat","embeddable":true,"href":"https:\/\/vitria.com.uy\/web\/wp-json\/wp\/v2\/product_cat?post=402"},{"taxonomy":"product_tag","embeddable":true,"href":"https:\/\/vitria.com.uy\/web\/wp-json\/wp\/v2\/product_tag?post=402"}],"curies":[{"name":"wp","href":"https:\/\/api.w.org\/{rel}","templated":true}]}}