{"id":595,"date":"2025-12-14T23:58:48","date_gmt":"2025-12-14T22:58:48","guid":{"rendered":"https:\/\/vitria.com.uy\/web\/?post_type=product&#038;p=595"},"modified":"2025-12-14T23:58:48","modified_gmt":"2025-12-14T22:58:48","slug":"asiento-para-trabajos-de-suspension-vertical","status":"publish","type":"product","link":"https:\/\/vitria.com.uy\/web\/producto\/asiento-para-trabajos-de-suspension-vertical\/","title":{"rendered":"asiento para trabajos de  suspensi\u00f3n vertical"},"content":{"rendered":"<p>Silla r\u00edgida de madera para trabajos verticales.<\/p>\n<p>Ha de usarse imperativamente con arn\u00e9s antica\u00eddas, y suele<br \/>\ncombinarse con dispositivos de ayuda al ascenso\/descenso.<\/p>\n","protected":false},"excerpt":{"rendered":"<p>Silla r\u00edgida de madera para trabajos verticales. Ha de usarse imperativamente con arn\u00e9s antica\u00eddas, y suele combinarse con dispositivos de ayuda al ascenso\/descenso.<\/p>\n","protected":false},"featured_media":596,"template":"","meta":[],"product_brand":[148],"product_cat":[74,73],"product_tag":[],"class_list":{"0":"post-595","1":"product","2":"type-product","3":"status-publish","4":"has-post-thumbnail","6":"product_brand-climax","7":"product_cat-arneses","8":"product_cat-proteccion-contra-caidas","10":"first","11":"instock","12":"shipping-taxable","13":"product-type-simple"},"aioseo_notices":[],"jetpack_sharing_enabled":true,"_links":{"self":[{"href":"https:\/\/vitria.com.uy\/web\/wp-json\/wp\/v2\/product\/595","targetHints":{"allow":["GET"]}}],"collection":[{"href":"https:\/\/vitria.com.uy\/web\/wp-json\/wp\/v2\/product"}],"about":[{"href":"https:\/\/vitria.com.uy\/web\/wp-json\/wp\/v2\/types\/product"}],"version-history":[{"count":0,"href":"https:\/\/vitria.com.uy\/web\/wp-json\/wp\/v2\/product\/595\/revisions"}],"wp:featuredmedia":[{"embeddable":true,"href":"https:\/\/vitria.com.uy\/web\/wp-json\/wp\/v2\/media\/596"}],"wp:attachment":[{"href":"https:\/\/vitria.com.uy\/web\/wp-json\/wp\/v2\/media?parent=595"}],"wp:term":[{"taxonomy":"product_brand","embeddable":true,"href":"https:\/\/vitria.com.uy\/web\/wp-json\/wp\/v2\/product_brand?post=595"},{"taxonomy":"product_cat","embeddable":true,"href":"https:\/\/vitria.com.uy\/web\/wp-json\/wp\/v2\/product_cat?post=595"},{"taxonomy":"product_tag","embeddable":true,"href":"https:\/\/vitria.com.uy\/web\/wp-json\/wp\/v2\/product_tag?post=595"}],"curies":[{"name":"wp","href":"https:\/\/api.w.org\/{rel}","templated":true}]}}