{"id":601,"date":"2025-12-15T00:13:01","date_gmt":"2025-12-14T23:13:01","guid":{"rendered":"https:\/\/vitria.com.uy\/web\/?post_type=product&#038;p=601"},"modified":"2025-12-15T00:13:18","modified_gmt":"2025-12-14T23:13:18","slug":"absorbedor-de-energia-energy-absorber","status":"publish","type":"product","link":"https:\/\/vitria.com.uy\/web\/producto\/absorbedor-de-energia-energy-absorber\/","title":{"rendered":"ABSORBEDOR DE ENERG\u00cdA ENERGY ABSORBER"},"content":{"rendered":"<p>El absorbedor de energ\u00eda modelo 31-A constituye un componente indispensable para formar un sistema antica\u00eddas seguro capaz de soportar las situaciones de trabajo m\u00e1s exigentes concebido para unirse, mediante un conector apropiado a un arn\u00e9s antica\u00eddas, sin que sea necesario el uso de elementos de amarre.<\/p>\n<p>ACIAL<br \/>\n436-D<br \/>\nSe trata de un absorbedor de energ\u00eda formado por una banda de absorci\u00f3n y una banda de sujeci\u00f3n y amarre.<br \/>\nLa banda de absorci\u00f3n es una banda de color blanco formada por dos piezas textiles entretejidas, plegada y situada dentro de una funda de pl\u00e1stico transparente.<br \/>\nLa banda de sujeci\u00f3n y amarre est\u00e1 es una cinta de poli\u00e9ster color naranja con terminaciones en forma de gazas protegidas mediante una funda de pl\u00e1stico transparente.<br \/>\nProtecci\u00f3n contra electricidad est\u00e1tica. Apta para uso en atm\u00f3sferas potencialmente explosivas (ATEX).<br \/>\nLa vida \u00fatil te\u00f3rica del equipo es de 10 a\u00f1os a partir de la fecha de fabricaci\u00f3n y 5 a\u00f1os a partir del primer uso.<br \/>\nLa longitud total del equipo es de 1\u20196 m. El absorbedor de energ\u00eda 31-A tambi\u00e9n se suministra con<br \/>\ndos conectores mod. Climax 30, formando el modelo 31-A 30\/30.<\/p>\n","protected":false},"excerpt":{"rendered":"<p>El absorbedor de energ\u00eda modelo 31-A constituye un componente indispensable para formar un sistema antica\u00eddas seguro capaz de soportar las situaciones de trabajo m\u00e1s exigentes concebido para unirse, mediante un conector apropiado a un arn\u00e9s antica\u00eddas, sin que sea necesario el uso de elementos de amarre. ACIAL 436-D Se trata de un absorbedor de energ\u00eda [&hellip;]<\/p>\n","protected":false},"featured_media":603,"template":"","meta":[],"product_brand":[148],"product_cat":[80,73],"product_tag":[],"class_list":{"0":"post-601","1":"product","2":"type-product","3":"status-publish","4":"has-post-thumbnail","6":"product_brand-climax","7":"product_cat-cuerdas","8":"product_cat-proteccion-contra-caidas","10":"first","11":"instock","12":"shipping-taxable","13":"product-type-simple"},"aioseo_notices":[],"jetpack_sharing_enabled":true,"_links":{"self":[{"href":"https:\/\/vitria.com.uy\/web\/wp-json\/wp\/v2\/product\/601","targetHints":{"allow":["GET"]}}],"collection":[{"href":"https:\/\/vitria.com.uy\/web\/wp-json\/wp\/v2\/product"}],"about":[{"href":"https:\/\/vitria.com.uy\/web\/wp-json\/wp\/v2\/types\/product"}],"version-history":[{"count":0,"href":"https:\/\/vitria.com.uy\/web\/wp-json\/wp\/v2\/product\/601\/revisions"}],"wp:featuredmedia":[{"embeddable":true,"href":"https:\/\/vitria.com.uy\/web\/wp-json\/wp\/v2\/media\/603"}],"wp:attachment":[{"href":"https:\/\/vitria.com.uy\/web\/wp-json\/wp\/v2\/media?parent=601"}],"wp:term":[{"taxonomy":"product_brand","embeddable":true,"href":"https:\/\/vitria.com.uy\/web\/wp-json\/wp\/v2\/product_brand?post=601"},{"taxonomy":"product_cat","embeddable":true,"href":"https:\/\/vitria.com.uy\/web\/wp-json\/wp\/v2\/product_cat?post=601"},{"taxonomy":"product_tag","embeddable":true,"href":"https:\/\/vitria.com.uy\/web\/wp-json\/wp\/v2\/product_tag?post=601"}],"curies":[{"name":"wp","href":"https:\/\/api.w.org\/{rel}","templated":true}]}}