{"id":659,"date":"2025-12-21T19:38:18","date_gmt":"2025-12-21T18:38:18","guid":{"rendered":"https:\/\/vitria.com.uy\/web\/?post_type=product&#038;p=659"},"modified":"2025-12-21T19:38:18","modified_gmt":"2025-12-21T18:38:18","slug":"mosqueton-tipo-gancho-con-sistema-giratorio-kh-giro","status":"publish","type":"product","link":"https:\/\/vitria.com.uy\/web\/producto\/mosqueton-tipo-gancho-con-sistema-giratorio-kh-giro\/","title":{"rendered":"Mosquet\u00f3n Tipo Gancho con Sistema Giratorio KH-GIRO"},"content":{"rendered":"<p>CONECTOR KH GIRO<br \/>\nEN 362 CE<\/p>\n<p>Material: Aleaci\u00f3n de acero<br \/>\nDi\u00e1metro de abertura: 19 mm<br \/>\nCarga de rotura m\u00ednima: 20 kN<br \/>\nPeso: 220 g<\/p>\n","protected":false},"excerpt":{"rendered":"<p>CONECTOR KH GIRO EN 362 CE Material: Aleaci\u00f3n de acero Di\u00e1metro de abertura: 19 mm Carga de rotura m\u00ednima: 20 kN Peso: 220 g<\/p>\n","protected":false},"featured_media":660,"template":"","meta":[],"product_brand":[],"product_cat":[79,77,73],"product_tag":[],"class_list":{"0":"post-659","1":"product","2":"type-product","3":"status-publish","4":"has-post-thumbnail","6":"product_cat-accesorios-proteccion-contra-caidas","7":"product_cat-conectores-y-anclajes","8":"product_cat-proteccion-contra-caidas","10":"first","11":"instock","12":"shipping-taxable","13":"product-type-simple"},"aioseo_notices":[],"jetpack_sharing_enabled":true,"_links":{"self":[{"href":"https:\/\/vitria.com.uy\/web\/wp-json\/wp\/v2\/product\/659","targetHints":{"allow":["GET"]}}],"collection":[{"href":"https:\/\/vitria.com.uy\/web\/wp-json\/wp\/v2\/product"}],"about":[{"href":"https:\/\/vitria.com.uy\/web\/wp-json\/wp\/v2\/types\/product"}],"version-history":[{"count":0,"href":"https:\/\/vitria.com.uy\/web\/wp-json\/wp\/v2\/product\/659\/revisions"}],"wp:featuredmedia":[{"embeddable":true,"href":"https:\/\/vitria.com.uy\/web\/wp-json\/wp\/v2\/media\/660"}],"wp:attachment":[{"href":"https:\/\/vitria.com.uy\/web\/wp-json\/wp\/v2\/media?parent=659"}],"wp:term":[{"taxonomy":"product_brand","embeddable":true,"href":"https:\/\/vitria.com.uy\/web\/wp-json\/wp\/v2\/product_brand?post=659"},{"taxonomy":"product_cat","embeddable":true,"href":"https:\/\/vitria.com.uy\/web\/wp-json\/wp\/v2\/product_cat?post=659"},{"taxonomy":"product_tag","embeddable":true,"href":"https:\/\/vitria.com.uy\/web\/wp-json\/wp\/v2\/product_tag?post=659"}],"curies":[{"name":"wp","href":"https:\/\/api.w.org\/{rel}","templated":true}]}}