{"id":678,"date":"2025-12-21T23:14:02","date_gmt":"2025-12-21T22:14:02","guid":{"rendered":"https:\/\/vitria.com.uy\/web\/?post_type=product&#038;p=678"},"modified":"2025-12-21T23:14:02","modified_gmt":"2025-12-21T22:14:02","slug":"linea-de-vida-cuerda-con-ojales","status":"publish","type":"product","link":"https:\/\/vitria.com.uy\/web\/producto\/linea-de-vida-cuerda-con-ojales\/","title":{"rendered":"L\u00ednea de Vida (Cuerda) con ojales"},"content":{"rendered":"<p>CUERDA L\u00cdNEA DE ANCLAJE FLEXIBLE<br \/>\nPara uso vertical con dispositivos antica\u00eddas de normativa EN 353-2 apropiados al di\u00e1metro de esta cuerda.<\/p>\n<p>Material: Poliamida de 3 cabos.<br \/>\nMetraje: 115gr\/m.<br \/>\nAcabados: Lazada y nudo terminal o guardacabos en los extremos.<br \/>\nFuerza de rotura: 4000 kg.<br \/>\nAlargamiento:<br \/>\n\u00b7 500 daN 23%<br \/>\n\u00b7 1000 daN 33%<br \/>\n\u00b7 1500 daN 39%<br \/>\n\u00b7 2000 daN 43%<br \/>\nDi\u00e1metro: 14 mm.<br \/>\nLongitud: A demanda.<\/p>\n","protected":false},"excerpt":{"rendered":"<p>CUERDA L\u00cdNEA DE ANCLAJE FLEXIBLE Para uso vertical con dispositivos antica\u00eddas de normativa EN 353-2 apropiados al di\u00e1metro de esta cuerda. Material: Poliamida de 3 cabos. Metraje: 115gr\/m. Acabados: Lazada y nudo terminal o guardacabos en los extremos. Fuerza de rotura: 4000 kg. Alargamiento: \u00b7 500 daN 23% \u00b7 1000 daN 33% \u00b7 1500 daN [&hellip;]<\/p>\n","protected":false},"featured_media":679,"template":"","meta":[],"product_brand":[148],"product_cat":[79,77,73],"product_tag":[],"class_list":{"0":"post-678","1":"product","2":"type-product","3":"status-publish","4":"has-post-thumbnail","6":"product_brand-climax","7":"product_cat-accesorios-proteccion-contra-caidas","8":"product_cat-conectores-y-anclajes","9":"product_cat-proteccion-contra-caidas","11":"first","12":"instock","13":"shipping-taxable","14":"product-type-simple"},"aioseo_notices":[],"jetpack_sharing_enabled":true,"_links":{"self":[{"href":"https:\/\/vitria.com.uy\/web\/wp-json\/wp\/v2\/product\/678","targetHints":{"allow":["GET"]}}],"collection":[{"href":"https:\/\/vitria.com.uy\/web\/wp-json\/wp\/v2\/product"}],"about":[{"href":"https:\/\/vitria.com.uy\/web\/wp-json\/wp\/v2\/types\/product"}],"version-history":[{"count":0,"href":"https:\/\/vitria.com.uy\/web\/wp-json\/wp\/v2\/product\/678\/revisions"}],"wp:featuredmedia":[{"embeddable":true,"href":"https:\/\/vitria.com.uy\/web\/wp-json\/wp\/v2\/media\/679"}],"wp:attachment":[{"href":"https:\/\/vitria.com.uy\/web\/wp-json\/wp\/v2\/media?parent=678"}],"wp:term":[{"taxonomy":"product_brand","embeddable":true,"href":"https:\/\/vitria.com.uy\/web\/wp-json\/wp\/v2\/product_brand?post=678"},{"taxonomy":"product_cat","embeddable":true,"href":"https:\/\/vitria.com.uy\/web\/wp-json\/wp\/v2\/product_cat?post=678"},{"taxonomy":"product_tag","embeddable":true,"href":"https:\/\/vitria.com.uy\/web\/wp-json\/wp\/v2\/product_tag?post=678"}],"curies":[{"name":"wp","href":"https:\/\/api.w.org\/{rel}","templated":true}]}}