{"id":945,"date":"2026-02-08T21:21:10","date_gmt":"2026-02-08T20:21:10","guid":{"rendered":"https:\/\/vitria.com.uy\/web\/?post_type=product&#038;p=945"},"modified":"2026-02-08T22:50:40","modified_gmt":"2026-02-08T21:50:40","slug":"dispositivo-de-descenso-automatico-80mts","status":"publish","type":"product","link":"https:\/\/vitria.com.uy\/web\/producto\/dispositivo-de-descenso-automatico-80mts\/","title":{"rendered":"Dispositivo de Descenso Autom\u00e1tico 80mts"},"content":{"rendered":"<p>Se trata de un dispositivo de descenso autom\u00e1tico de clase A dise\u00f1ado<br \/>\ncomo sistema de rescate y salvamento. El descensor est\u00e1 equipado<br \/>\ncon una cuerda de poliamida en 11 mm, y de una longitud variable, en<br \/>\nfunci\u00f3n de las necesidades del usuario.<br \/>\nUna o dos personas conectadas al dispositivo pueden descender a una<br \/>\nvelocidad constante de 0,8 m-1,50 m\/seg. (dependiendo del peso),<br \/>\ngracias al freno de fuerza centr\u00edfuga.<\/p>\n<p>DESCENSOR PCX-525<\/p>\n<p>La longitud m\u00e1xima del descenso: 100 m.<br \/>\nPeso del equipo: 1,4 kg.<br \/>\nCapacidad m\u00e1xima de carga del equipo: 150 kg.<\/p>\n<p>El equipo solo puede utilizarse con cuerdas certificadas.<br \/>\nEst\u00e1 totalmente prohibido utilizar el equipo para el izado de<br \/>\nmateriales.<\/p>\n","protected":false},"excerpt":{"rendered":"<p>Se trata de un dispositivo de descenso autom\u00e1tico de clase A dise\u00f1ado como sistema de rescate y salvamento. El descensor est\u00e1 equipado con una cuerda de poliamida en 11 mm, y de una longitud variable, en funci\u00f3n de las necesidades del usuario. Una o dos personas conectadas al dispositivo pueden descender a una velocidad constante [&hellip;]<\/p>\n","protected":false},"featured_media":947,"template":"","meta":[],"product_brand":[148],"product_cat":[79,120],"product_tag":[],"class_list":{"0":"post-945","1":"product","2":"type-product","3":"status-publish","4":"has-post-thumbnail","6":"product_brand-climax","7":"product_cat-accesorios-proteccion-contra-caidas","8":"product_cat-emergencia-y-rescate","10":"first","11":"instock","12":"shipping-taxable","13":"product-type-simple"},"aioseo_notices":[],"jetpack_sharing_enabled":true,"_links":{"self":[{"href":"https:\/\/vitria.com.uy\/web\/wp-json\/wp\/v2\/product\/945","targetHints":{"allow":["GET"]}}],"collection":[{"href":"https:\/\/vitria.com.uy\/web\/wp-json\/wp\/v2\/product"}],"about":[{"href":"https:\/\/vitria.com.uy\/web\/wp-json\/wp\/v2\/types\/product"}],"version-history":[{"count":1,"href":"https:\/\/vitria.com.uy\/web\/wp-json\/wp\/v2\/product\/945\/revisions"}],"predecessor-version":[{"id":948,"href":"https:\/\/vitria.com.uy\/web\/wp-json\/wp\/v2\/product\/945\/revisions\/948"}],"wp:featuredmedia":[{"embeddable":true,"href":"https:\/\/vitria.com.uy\/web\/wp-json\/wp\/v2\/media\/947"}],"wp:attachment":[{"href":"https:\/\/vitria.com.uy\/web\/wp-json\/wp\/v2\/media?parent=945"}],"wp:term":[{"taxonomy":"product_brand","embeddable":true,"href":"https:\/\/vitria.com.uy\/web\/wp-json\/wp\/v2\/product_brand?post=945"},{"taxonomy":"product_cat","embeddable":true,"href":"https:\/\/vitria.com.uy\/web\/wp-json\/wp\/v2\/product_cat?post=945"},{"taxonomy":"product_tag","embeddable":true,"href":"https:\/\/vitria.com.uy\/web\/wp-json\/wp\/v2\/product_tag?post=945"}],"curies":[{"name":"wp","href":"https:\/\/api.w.org\/{rel}","templated":true}]}}